
False
Is 392 a factor of 237205202?
False
Does 23 divide 242145863?
True
Is 436 a factor of 84761417?
False
Does 6 divide 162575721?
False
Does 247 divide 338721812?
False
Does 127 divide 37876583?
False
Is 272889342 a multiple of 682?
True
Is 541748161 a multiple of 317?
False
Is 126881131 a multiple of 45?
False
Is 29455363 a multiple of 628?
False
Is 290067492 a multiple of 1452?
True
Is 2559442 a multiple of 167?
True
Does 25 divide 30975700?
True
Is 38188774 a multiple of 173?
False
Is 315303213 a multiple of 64?
False
Is 339533829 a multiple of 6?
False
Is 60 a factor of 120502182?
False
Is 614414736 a multiple of 36?
True
Does 900 divide 89576100?
True
Does 93 divide 2402455236?
True
Is 94 a factor of 74354909?
False
Does 230 divide 14116040?
False
Is 535 a factor of 48834265?
True
Is 89960374 a multiple of 98?
True
Is 428519260 a multiple of 1013?
True
Does 113 divide 3391243?
True
Is 57573296 a multiple of 1754?
True
Is 35310550 a multiple of 11?
True
Does 197 divide 4180734?
True
Is 933 a factor of 1693410861?
True
Does 42 divide 6563441?
False
Is 104 a factor of 67476852?
False
Does 583 divide 96608347?
True
Is 22 a factor of 621612244?
True
Is 963560927 a multiple of 133?
True
Does 694 divide 3036944?
True
Does 145 divide 110226486?
False
Is 327360740 a multiple of 680?
False
Is 808705032 a multiple of 186?
False
Is 40933787 even?
False
Is 76343176 a multiple of 422?
True
Is 956781700 a multiple of 117?
False
Is 44 a factor of 3931471046?
False
Is 56924427 a multiple of 7?
True
Does 7 divide 232994797?
True
Is 87 a factor of 560019?
True
Is 100 a factor of 10681600?
True
Is 36421650 a multiple of 529?
True
Is 47 a factor of 354854053?
False
Is 108773606 a multiple of 12?
False
Is 703546246 a multiple of 89?
True
Is 37032557 a multiple of 180?
False
Is 17 a factor of 1051467293?
False
Is 31 a factor of 60285826?
False
Does 6202 divide 3977441832?
True
Is 132539324 a multiple of 177?
False
Is 29 a factor of 43956750?
True
Does 4855 divide 850887367?
False
Does 4 divide 28403196?
True
Is 106 a factor of 111780913?
False
Is 921610018 a multiple of 7?
True
Is 28253301 a multiple of 602?
False
Is 405287143 a multiple of 515?
False
Does 21 divide 479005149?
True
Is 560444840 a multiple of 1872?
False
Does 174 divide 39723504?
True
Does 65 divide 90733435?
True
Is 98437795 a multiple of 8?
False
Is 158330428 a multiple of 101?
True
Is 10277299 a multiple of 313?
False
Does 41 divide 145701249?
True
Is 81 a factor of 236613231?
True
Is 535693635 a multiple of 173?
True
Does 1795 divide 1032047815?
True
Is 14499459 a multiple of 388?
False
Is 30 a factor of 128888105?
False
Is 14 a factor of 585436670?
True
Is 377027892 a multiple of 27?
True
Is 32571732 a multiple of 153?
False
Is 4495 a factor of 93844736?
False
Does 14 divide 48621230?
True
Is 315940952 a multiple of 703?
False
Is 9292184 a multiple of 4?
True
Is 9360360 a multiple of 120?
True
Is 20 a factor of 7096100?
True
Does 80 divide 20776480?
True
Is 27809215 a multiple of 509?
True
Is 4694 a factor of 651672714?
True
Is 1187 a factor of 214367556?
False
Is 42 a factor of 2560698?
True
Is 180809552 a multiple of 119?
True
Is 14 a factor of 59008978?
True
Is 6 a factor of 24093328?
False
Is 11847472 a multiple of 1264?
True
Is 196653894 a multiple of 53?
False
Does 177 divide 4278526232?
False
Does 3596 divide 237336000?
True
Does 18 divide 1467936576?
True
Is 1544379394 a multiple of 4100?
False
Is 1388 a factor of 664753817?
False
Is 51772192 a multiple of 1504?
True
Is 1056 a factor of 7350368?
False
Is 8 a factor of 25444578?
False
Is 6 a factor of 682433712?
True
Does 187 divide 14252205?
True
Does 37 divide 2093904?
True
Is 4 a factor of 22957173?
False
Is 1979077282 a multiple of 4531?
False
Is 9 a factor of 888623?
False
Is 3112216375 a multiple of 1085?
False
Is 475617816 a multiple of 72?
True
Is 35976880 a multiple of 60?
False
Does 13 divide 219284859?
False
Is 236724698 a multiple of 127?
True
Does 150 divide 9069750?
True
Is 51842599 a multiple of 13?
False
Is 15 a factor of 148942950?
True
Is 122 a factor of 11282518?
False
Is 14 a factor of 16489554?
False
Is 75 a factor of 377204775?
True
Is 28190473 a multiple of 905?
False
Is 7 a factor of 442091572?
False
Is 13808312 a multiple of 28?
True
Is 16274499 a multiple of 929?
False
Does 513 divide 67566178?
False
Is 169 a factor of 1069622970?
True
Is 140597265 a multiple of 877?
False
Is 1059 a factor of 73662981?
True
Is 2919 a factor of 1005802749?
True
Does 1911 divide 35064939?
True
Does 374 divide 4326267?
False
Is 1204 a factor of 1688566656?
True
Is 353 a factor of 169967366?
False
Is 21 a factor of 12533976?
True
Is 583128375 a multiple of 33?
False
Is 1109765476 a multiple of 2495?
False
Is 1684182916 a multiple of 227?
True
Does 11 divide 72855255?
True
Is 580 a factor of 171210341?
False
Does 24 divide 75778080?
True
Is 43261011 a multiple of 261?
True
Does 256 divide 11852800?
True
Does 281 divide 1998122302?
False
Is 81 a factor of 1739495017?
False
Is 1886332784 a multiple of 17?
True
Is 22 a factor of 81983704?
True
Is 17 a factor of 6345097?
True
Is 476836335 a multiple of 27?
True
Is 1029 a factor of 52212526?
False
Is 266 a factor of 5467630?
True
Does 20 divide 93903860?
True
Is 217774584 a multiple of 808?
True
Is 755382600 a multiple of 40?
True
Does 100 divide 25958411?
False
Is 4039724 a multiple of 631?
False
Is 15883 a factor of 2428018327?
True
Does 52 divide 10079784?
True
Is 481025735 a multiple of 215?
True
Does 471 divide 66707634?
False
Is 8 a factor of 48549512?
True
Is 6 a factor of 19737448?
False
Is 1344731801 a multiple of 763?
True
Does 10 divide 64724680?
True
Does 28 divide 76035790?
False
Is 61922630 a multiple of 11?
True
Is 1679817401 a multiple of 17?
False
Is 14757968 a multiple of 328?
False
Is 353 a factor of 168811307?
True
Is 30046652 a multiple of 2?
True
Is 3203 a factor of 81379946?
False
Is 27 a factor of 31946589?
True
Does 867 divide 16301091?
False
Is 334196480 a multiple of 16?
True
Is 140210901 a multiple of 1036?
False
Is 559427715 a multiple of 55?
True
Is 2511600 a multiple of 336?
True
Is 335664688 a multiple of 24?
False
Does 9 divide 32955057?
True
Is 55146664 a multiple of 5189?
False
Is 749310072 a multiple of 84?
True
Is 2196 a factor of 328425360?
False
Is 75500622 a multiple of 6?
True
Does 61 divide 21042109?
False
Does 6 divide 344628945?
False
Is 726367709 a multiple of 37?
False
Is 718337751 a multiple of 436?
False
Is 154814272 a multiple of 3392?
True
Is 384727446 a multiple of 18?
True
Is 477837408 a multiple of 696?
True
Does 4 divide 13758096?
True
Is 35 a factor of 25740190?
True
Is 162275260 a multiple of 35?
True
Does 92 divide 29136032?
True
Is 105826296 a multiple of 1227?
True
Does 2334 divide 383119098?
True
Does 8 divide 31389245?
False
Is 6965105 a multiple of 245?
True
Does 11 divide 272600152?
True
Is 191831264 a multiple of 32?
True
Is 68109259 a multiple of 449?
True
Is 2967525847 a multiple of 5203?
True
Is 177396384 a multiple of 488?
False
Is 105595186 a multiple of 254?
False
Does 69 divide 117359122?
False
Is 134330175 a multiple of 760?
False
Is 10 a factor of 411926090?
True
Is 3575 a factor of 1733837443?
False
Is 467944 a multiple of 4?
True
Does 283 divide 166942584?
False
Is 712714153 a multiple of 755?
False
Does 205 divide 26593165?
False
Is 94 a factor of 7911698?
True
Does 1182 divide 1079404016?
False
Is 1024270827 a multiple of 15?
False
Does 2105 divide 2936475?
True
Is 2100933687 a multiple of 5259?
True
Is 193 a factor of 143400544?
True
Does 43 divide 56692533?
True
Is 32181380 a multiple of 1540?
True
Is 14427827 a multiple of 132?
False
Is 37933891 a multiple of 9?
False
Does 199 divide 232632385?
False
Is 743884980 a multiple of 1315?
True
Is 119 a factor of 450701468?
False
Is 156 a factor of 4901683?
False
Is 125594539 a multiple of 11?
False
Is 1559238952 a multiple of 96?
False
Is 303843480 a multiple of 474?
True
Does 1015 divide 315676165?
True
Is 1516906 a multiple of 3?
False
Is 1593 a factor of 5306128479?
True
Is 64 a factor of 132850698?
False
Is 377841676 a multiple of 173?
False
Is 87 a factor of 118426836?
True
Does 25 divide 407287707?
False
Is 729 a factor of 293653303?
False
Is 13 a